Suppose 0 = u + 4*w - 434, 2*u + u + 2*w = 1302. Let p = u + 108. What are the prime factors of p?
2, 271
Suppose 43*s - 46*s = 3*l - 79332, 0 = 2*s - 4*l - 52912. List the prime factors of s.
2, 3, 19, 29
Let m = 83 - 92. What are the prime factors of 6 + (6/m - (-2526)/9)?
2, 11, 13
Suppose -x = -5*u + 24, -3*x = -5*u + u + 39. Let p = -35 - x. Let g = p - -40. What are the prime factors of g?
2, 7
Let m = 296 + -92. Let b = 313 - m. List the prime factors of b.
109
Suppose -5*o - 2078 = -3*s, -o - 4*s = -4*o - 1249. What are the prime factors of (-7)/(-14)*(-1 - (o + 2))?
2, 103
Let z be (32/(-12))/((-2)/(-3)). Let h be 0*1/z - 3. What are the prime factors of (1/(-3))/(2/(-84)) - h?
17
Let y be ((-315)/90)/((-2)/132). Let j = y + -174. What are the prime factors of j?
3, 19
Suppose -56 = 33*v - 47*v. Suppose -d + 2*s - 637 = -v*d, -3*d - 4*s + 635 = 0. List the prime factors of d.
3, 71
Suppose -7*c - 6 + 27 = 0. Suppose -c*q = -3*t + 3189, -5*t - 5*q = -0*t - 5335. Suppose -4*v - v = -t. List the prime factors of v.
3, 71
Suppose 3182690 = -132*f + 322*f. List the prime factors of f.
7, 2393
Let p(h) = 124*h - 2842. List the prime factors of p(48).
2, 5, 311
Let g(t) = -1281*t - 2456. List the prime factors of g(-5).
11, 359
Let g(d) = 2*d**3 + 2*d**2 - 3*d + 5. Let u = -18 + 21. Let a be g(u). Suppose 0 = -t - 2*c + 27, -7*c + 4*c = -2*t + a. List the prime factors of t.
31
Suppose 4*w + 2192 = 4*s - 24152, 5*w + 13178 = 2*s. What are the prime factors of s?
2, 823
Let b(f) = -f**3 - f**2 + 2*f - 10. Let z be b(-3). Suppose 5*j - 4*j - 41 = z*w, -2*j = -5*w - 81. What are the prime factors of j?
43
Suppose -3*u - 9 = -6*u. Let a(y) = 0*y + 4 + y - u*y + 6*y. What are the prime factors of a(2)?
2, 3
Suppose -10*n - 686664 = -43*n + 6*n. List the prime factors of n.
2, 11, 17
Let q = -5311 - -15133. What are the prime factors of q?
2, 3, 1637
Suppose 25*x - 17939 - 18804 = 9732. What are the prime factors of x?
11, 13
Let u be 0 - (-1)/(2*2/20). Suppose -u + 8 = -3*p, -f - 3*p = -543. What are the prime factors of f?
2, 3, 7, 13
Let i = 10348 - 8561. List the prime factors of i.
1787
Suppose 0 = 5*v + 2*u + 108, 4*v = -8*u + 4*u - 96. Let q be (-838)/(-10) + ((-24)/v - 1). Let x = q - 24. List the prime factors of x.
2, 3, 5
Let y = -634 - -634. Suppose y = -2*a - z - 140 + 1501, 2*a - 1373 = -5*z. List the prime factors of a.
7, 97
Suppose 0 = 5*j - 3*t - 1540, -3*j = -0*j + 4*t - 895. Let o = 772 - j. What are the prime factors of o?
467
Suppose 13*c - 58760 - 126399 = 0. What are the prime factors of c?
14243
Suppose -2*f = f + 210. Let h = 72 + f. What are the prime factors of (-2)/10 - (h - 2766/30)?
2, 3, 5
Let l = -379 + 104. Let a = l + 674. Suppose 6*q + a = 9*q. What are the prime factors of q?
7, 19
Suppose 0 = -6*y + 23038 + 15314. List the prime factors of y.
2, 17, 47
Let j(n) = -n + 13. Let u be j(9). Let v be 669/u - 7/28. Suppose 3*x - 40 - v = 0. List the prime factors of x.
3, 23
Let u = 19182 + -14274. List the prime factors of u.
2, 3, 409
Suppose -6*t = 14*t + 4600. Let m = -54 - t. List the prime factors of m.
2, 11
Suppose 10*w = 12*w - 4. Suppose -281 = -3*t - w*i, -t + 107 = -0*i + 4*i. List the prime factors of t.
7, 13
Let j(v) = 2*v**3 - 36*v**2 + 5*v + 26. Suppose 5*b + 0*u - 85 = 3*u, -3*b + 5*u = -35. Let s be j(b). Suppose -12*p + 962 = -s. List the prime factors of p.
2, 7
Let r = -198 + 333. Let w = r + 146. List the prime factors of w.
281
Let n(i) = -2*i**2 + 19*i - 42. Let z be n(6). Let f(v) = -52*v + 1755. List the prime factors of f(z).
3, 5, 13
Suppose 0 = -5*h + 5*s - 16370, -4*h + 96*s - 13081 = 97*s. Let y = -1832 - h. What are the prime factors of y?
1439
Suppose -3*s + 23 - 47 = 0. What are the prime factors of -1*(0 - s/(-4))?
2
Let q(f) = -f**3 + f**2 + 4*f - 4. Let n be q(2). Suppose 0 = -2*p - n*p + 10. Suppose w = 2*d + 30, d = -p*w + 6*d + 145. What are the prime factors of w?
2, 7
Suppose 71*c - 9517 = 85197. What are the prime factors of c?
2, 23, 29
Let x(f) = 22*f**2 + 36*f + 20. Let d be x(11). Suppose -3*s + d = 6*s. What are the prime factors of s?
2, 3, 19
Let f = 2 - 0. Suppose -2*k + 5*i = 16, 20 = -0*k + f*k + 4*i. Suppose -5*y = -k*z + 154, 3*z + z = 4*y + 296. What are the prime factors of z?
2, 3
Let i(y) = 669*y - 2. Let c be i(1). List the prime factors of c - 12*4/16.
2, 83
Suppose a + y - 439 = 0, -3*a = a + y - 1753. Suppose 0*g + g = n + a, -3*n = -4*g + 1748. List the prime factors of g.
2, 7, 31
Suppose -r + 3423 = 3*b - 10115, -54192 = -4*r - 4*b. What are the prime factors of r?
13553
Suppose -2*w = -5*y + 34642, -4*y + 15*w - 18*w + 27732 = 0. What are the prime factors of y?
2, 3, 5, 7, 11
Let k(v) = 2*v**2 - 41*v - 43. Let j(b) = b**3 - 7*b**2 - 4*b - 10. Let d be j(8). Let p be k(d). What are the prime factors of (-27)/(-4)*(1 + p - -8)?
2, 3
Suppose -13*k + 4*k = -6543. Suppose 17*c + 98 = k. List the prime factors of c.
37
Let a(u) = u - 13. Let f be a(14). What are the prime factors of ((-2)/4)/(f/(-808))?
2, 101
Suppose -456 = -10*n + 12*n. Let a = -161 - n. What are the prime factors of a?
67
Let q = 670 - 1362. Let y be 2/(-12)*3*-4 + -4. What are the prime factors of (3 + y)/((-696)/q - 1)?
173
List the prime factors of ((-9)/(-18))/(4/(-8))*-4912.
2, 307
Suppose -3*v = -30*v + 2403. Suppose 101*i - 5712 = v*i. What are the prime factors of i?
2, 7, 17
Let h = -67466 - -135599. List the prime factors of h.
3, 13, 1747
Let p(q) = 8*q**2 + 240*q + 86. What are the prime factors of p(-37)?
2, 13, 83
Let q = 40 + 113. Let g = q + 183. List the prime factors of g.
2, 3, 7
What are the prime factors of (140/(-4))/(43/(-57749))?
5, 7, 17, 79
Let y(m) = -304*m + 381. What are the prime factors of y(-10)?
11, 311
Let w = 538 + -1299. Let l = w + 1182. What are the prime factors of l?
421
Suppose 248*p - 119*p - 380534 = 107*p. What are the prime factors of p?
7, 353
Let p = -3968 + 5264. List the prime factors of p.
2, 3
Let q = 409 - 403. Suppose q - 658 = -a. List the prime factors of a.
2, 163
Let q(o) be the second derivative of o**4/3 - o**3/3 - 2*o**2 + 12*o. Suppose 9 = -m - d, 2*d - 2 = m - 5. List the prime factors of q(m).
2, 53
Let u(l) = 78*l**2 - 15*l - 14. Suppose 30 = o + 5*c, 2*o - 2*c = 3*c - 15. What are the prime factors of u(o)?
1861
Suppose 7 = -3*c - 4*c. Let w be (-402)/(-6) + 4*c. Let x = w - 36. What are the prime factors of x?
3
Suppose -r + 5*r = 192. Let l = r + -60. Let j = 131 + l. What are the prime factors of j?
7, 17
Suppose -5*h = -2*z + 57, 5*z + 4*h + h - 90 = 0. Let s = 31 - z. Suppose 0 = 8*o - s*o + 160. List the prime factors of o.
2, 5
Suppose -14*u = 9 - 9. Suppose u = 9*t - 4090 - 635. List the prime factors of t.
3, 5, 7
Let h(q) be the third derivative of 0*q**3 - 13*q**2 - 7/24*q**4 + 0 - 1/60*q**5 + 0*q. What are the prime factors of h(-5)?
2, 5
Suppose 3 = t, 3*t - 4*t + 15 = 4*c. Suppose -18 = c*v - 6*v. Suppose 23 - 5 = v*q. What are the prime factors of q?
3
Let a(b) = 13*b + 17 + 7*b**2 + 67*b - 48. List the prime factors of a(-15).
2, 43
What are the prime factors of -192054*(-7)/63 + 20/12?
21341
Let i = -21005 + 40575. List the prime factors of i.
2, 5, 19, 103
Suppose 0 = -x - x - 558. List the prime factors of -2 - (1 - 2) - (x - 14).
2, 73
Let h be (2 + 7)/(-3) - -5. Suppose -5*z + 25 = 0, g - 3*z - 2175 = -h*g. List the prime factors of g.
2, 5, 73
Suppose 3*m = -7*i + 97041, 38*m - 37*m + 5*i - 32347 = 0. List the prime factors of m.
7, 4621
Let r(l) = 198*l - 400. Let m = -929 + 938. What are the prime factors of r(m)?
2, 691
Let c = -318 - -323. List the prime factors of c - (-482 + -7 + 12).
2, 241
What are the prime factors of (-38)/19*(-1 + (-1)/(-2)) + 33790?
33791
Suppose 0 = 106*g - 204*g + 1310162. List the prime factors of g.
29, 461
Let n be (-1)/(2*(-3)/30). Suppose -4*q + n*q = -x + 75, 4*x = 3*q + 300. Suppose g = x + 46. What are the prime factors of g?
11
Suppose -5*v + 214 = -2*p, 4*v + 5*p - 32 = 3*v. List the prime factors of 45/v*-36*-7.
2, 3, 5
Let x(n) be the first derivative of -5*n + 10*n - 5 - n + 52*n**2 - n. List the prime factors of x(1).
107
Let j(u) = u**3 - 2*u**2 + 2*u + 2. Let c be j(2). Suppose n = 5*n - r + c, 8 = -5*n + r. List the prime factors of (-3)/n*144/9.
